*k + 62. What are the prime factors of y?
29
List the prime factors of 13663/13 + (-1 - (-6 - -1)).
5, 211
Let y = 1412 + -55. List the prime factors of y.
23, 59
Suppose 0 = 2*y - 4*y - 0*y. Suppose y = 10*m + 4*m - 322. What are the prime factors of m?
23
Suppose 0 = 3*f + 2*f - 3*l - 33, f = -3*l + 3. Suppose -32 = -f*d + 112. What are the prime factors of d?
2, 3
Let h(g) = -g**3 - 2*g**2 + 7. Let c = -35 - -30. What are the prime factors of h(c)?
2, 41
Let k(i) be the second derivative of i**4/12 - 5*i**3/6 + 7*i**2/2 + 2*i. Let n be (-180)/(-40) + (-1)/(-2). List the prime factors of k(n).
7
Suppose 2*y = 5*n + 7*y - 15, -n = 2*y - 4. Suppose n*k = -5*v + 35, -4*k - 4 = -v + 3. What are the prime factors of v?
7
List the prime factors of (27/((-486)/1452))/((-2)/9).
3, 11
Let h = -128 + 545. What are the prime factors of h?
3, 139
Suppose 3*g - 756 = -3. Let t = g - 169. Suppose -3*i + 50 = -t. What are the prime factors of i?
2, 11
Suppose 3*j - 7376 = -4*o, -12 = -4*j + 4. What are the prime factors of o?
7, 263
Let w = -173 - -487. Suppose 2*r - 228 = -4*t, 8 = 4*t - 8. Suppose -2*c - 5*d = -r + 2, 0 = 5*c - d - w. List the prime factors of c.
2, 31
Suppose 2*y - 50 = 52. Let s = y + -80. Let t = -19 - s. List the prime factors of t.
2, 5
Suppose 242 = 6*q - 5*q. Suppose q + 592 = 6*v. What are the prime factors of v?
139
Suppose -93*d + 25228 = -76*d. List the prime factors of d.
2, 7, 53
Let f(y) = y**2 - 3*y + 18. Let k be f(-7). Suppose -4*q + 64 = 2*w, -2*w + 4*q = -0*w - k. List the prime factors of w.
2, 19
What are the prime factors of ((-22)/6)/(25/(-1650))?
2, 11
Let y be (8/16)/(2/292). Suppose y = 3*i - 92. List the prime factors of i.
5, 11
Let m = 15 - 12. List the prime factors of m - 0*(-4)/16.
3
What are the prime factors of 2/(2*3/45)?
3, 5
Suppose 3517 = 8*h - 19. List the prime factors of h.
2, 13, 17
Let y = -80 - -44. Let m = 8 - 82. Let k = y - m. What are the prime factors of k?
2, 19
Let a(o) = 4*o**2 + 1. Suppose -4*l + 6*l + 4 = 0. Let t be a(l). Suppose 22 = 3*m - t. What are the prime factors of m?
13
Suppose 3*i + 1572 = 5*x, 2*i + 920 = 3*x + 6*i. What are the prime factors of x?
2, 3, 13
Suppose -4*q = -7*i + 9*i - 1830, -5*i + 1839 = 4*q. Let m = q - 307. What are the prime factors of m?
149
What are the prime factors of (-3768)/(-16) - 3/2?
2, 3, 13
Suppose 126 + 63 = -c. Let w = -112 - c. List the prime factors of 671/w + 4/14.
3
Suppose -5*w = -2*u - 7, u - 52 = -2*u - 5*w. Let j be u/3 + 38 + 1. Suppose -j = -2*v - 3*y, -v + 4*y = -44 + 1. List the prime factors of v.
3
Let u = -7 - -3. Suppose -2*s + 9 = d, s - 2*d - 1 = -9. What are the prime factors of s - 2*u - -4?
2, 7
Let b be 6/24 - (-11)/4. Let m(g) = 13 + 12*g**2 - b*g**3 + 2 + 2*g**3 - 11*g. What are the prime factors of m(11)?
3, 5
Let a(q) = -q**3 + q**2 + 2*q. Let y be a(2). Let b(w) = -6 - w + 6*w - w + y*w. List the prime factors of b(9).
2, 3, 5
Let p be 3/(6/8) - 12. Let s(w) = -w**3 - 6*w**2 + 8*w + 15. What are the prime factors of s(p)?
79
Let w(z) = 5*z**2 - 10*z - 14 + 5 - 2*z**2. List the prime factors of w(7).
2, 17
List the prime factors of (-7 + 1580/(-14))*-7.
839
Let q(r) = -r**3 + 9*r**2 + 2*r - 15. List the prime factors of q(6).
3, 5, 7
Let z be (-4)/(-9)*(-9)/(-2). What are the prime factors of (-790)/(-15)*3/z?
79
Suppose -182 = -3*o + r + 4*r, 4*r = 20. List the prime factors of o.
3, 23
Let r(s) = -3*s**2 + 8 + 6*s**2 - 256*s + 260*s. What are the prime factors of r(-5)?
3, 7
Suppose -18 = -3*p + 6*p. What are the prime factors of 4/6 + (-440)/p?
2, 37
Let x = 150 + -147. Let q(f) = 10*f**2 + 2*f + 1. Let l be q(-2). Suppose -4*h + 4*y = -148, h + 0*y - l = x*y. List the prime factors of h.
37
Suppose 0 = -z - 5, 2*z - 1175 = 3*h - 8*h. Suppose 465 = 5*j + 5*d, -2*d = 4*j - h - 135. What are the prime factors of j?
3, 31
Suppose 0 = -n + 2*y - y + 12, 3*y = -2*n + 9. What are the prime factors of n?
3
Let f = 4840 + -1865. What are the prime factors of f?
5, 7, 17
Suppose v = -2*v + 21. Suppose 66*i + 620 = 76*i. Suppose 6*u = v*u - i. What are the prime factors of u?
2, 31
Let o(s) = -12*s - 16. What are the prime factors of o(-23)?
2, 5, 13
Suppose -1180 = -i - 6*w + 7*w, 0 = -3*w - 15. List the prime factors of i.
5, 47
Suppose -k = -3*o + 200, -2*o + 5*k = k - 120. Suppose -3*a = -w - 0*a + o, -w = 3*a - 98. What are the prime factors of w?
83
Let d = -27 + 29. What are the prime factors of 53*1 - (0 - d)?
5, 11
Suppose 0 = -136*k + 108*k + 111216. List the prime factors of k.
2, 3, 331
Suppose 2*u = 152 - 146. Suppose -2*g + 80 = b, 5*b - 7*g = -u*g + 442. List the prime factors of b.
2, 43
What are the prime factors of (20/(-15))/(22/(-63261))?
2, 3, 71
Let t be (-12)/8*-2 + -1. Suppose 0 = t*q - 5*q + 6. Suppose 4*z + 20 = j, -2*j + q*z + 36 = -2*z. List the prime factors of j.
2
Let w(d) = -5*d + 11 + 2*d**2 + 2 + 3 - 44. What are the prime factors of w(-5)?
47
Let w(i) = 5*i**2 - 3*i - 3. Let q = -12 - -16. What are the prime factors of w(q)?
5, 13
Suppose 3*o = -2*o + 335. Let v = 156 - o. Let a = v + -61. List the prime factors of a.
2, 7
Suppose 84 = 5*y + 3*b, b = -5*y - 0*b + 78. Suppose l - v - 5 = 0, -2*l = l + 4*v - y. Suppose -2*g = 0, 0*a + l*g + 10 = 5*a. What are the prime factors of a?
2
Let n be ((-9)/2)/(5 - (-126)/(-24)). Let r(w) = -w**3 + 18*w**2 + 2. What are the prime factors of r(n)?
2
Suppose 41*l + 4128 = 53*l. List the prime factors of l.
2, 43
Let f = -12 + 10. Let h = f + 5. Suppose h*m = m + 20. List the prime factors of m.
2, 5
Suppose -5*i - 4*x + 11 = 1, -4*x + 8 = 4*i. Let f(t) = -t + 4. Let q be f(i). List the prime factors of ((-28)/(-3))/(q/6).
2, 7
Suppose 5*c - 21 = 2*i, 5*c - i = c + 18. Suppose -2*g - 80 = -5*g + 4*u, 4*u = c*g - 136. What are the prime factors of g?
2, 7
Let m be (-9 - -5)*16/(-4). Suppose -14*i - 146 = -m*i. Let d = i + -16. List the prime factors of d.
3, 19
Suppose -3*o - 6 = 0, -5*q + 26 = -o + 4. Suppose 3*g - 10 = -q*z + 131, 2*z + 4*g - 68 = 0. List the prime factors of z.
2, 3
Let k(s) = -204*s - 100. What are the prime factors of k(-7)?
2, 83
What are the prime factors of ((-64)/(-24))/((-4)/(-102))?
2, 17
Suppose 8766 = 63*v - 5157. What are the prime factors of v?
13, 17
Suppose -13*x + x + 12324 = 0. What are the prime factors of x?
13, 79
Let p(c) = -c**3 + c**2 + 3*c + 1. Let s be p(-5). Suppose -4 = 3*x - 13, -2*f - 2*x = -s. List the prime factors of f.
5, 13
Let c(h) = -3*h - 7. Let m be c(-4). Let o = -17 + m. Let t = 21 - o. What are the prime factors of t?
3, 11
Suppose 1767 + 273 = -6*w. Let o = w + 540. What are the prime factors of o?
2, 5
Let i(l) = -l**3 - l - 1. Let q be i(-2). List the prime factors of 72 - (-2 - q/(-3)).
71
Let j(g) = -g**3 + 5*g**2 + 5*g - 1. Let r = 10 - 6. Let q be j(r). Suppose -c + 5*l + q = 0, 0*c = 4*c - 3*l - 72. What are the prime factors of c?
3, 5
Suppose -20 = 4*k - 3*a, -5 = k + 2*a - 6*a. Let l = 217 + k. What are the prime factors of l?
2, 53
List the prime factors of 3288/28 - (102/42 + -2).
3, 13
Let w be (-20)/(-12)*(1 - -2). Suppose -j - w*j = -690. List the prime factors of j.
5, 23
Suppose 5*m = 3*m + 16. Let u be (-11)/(-44) + (-66)/m. List the prime factors of 2/u + 173/4.
43
Let g = 338 - 213. List the prime factors of g/2 - (5 + (-18)/4).
2, 31
Let g(i) = -45 + 3*i + 45. Let x = 2 - 0. What are the prime factors of g(x)?
2, 3
Let s(g) = g**2 - 4*g + 405. What are the prime factors of s(0)?
3, 5
Suppose 0*d + 3*d = 36. Suppose -j + 62 = d. What are the prime factors of j?
2, 5
Let o(w) = 3*w + 35. Let s be o(-11). Suppose -m - j = 10 - 72, 3*m - 183 = -s*j. What are the prime factors of m?
59
Suppose -16 = 2*a + 2*x, -4*a + 0*a - 2*x = 30. List the prime factors of 9/((-1)/(a/(14/32))).
2, 3
Suppose 13*y - 23235 = 14634. List the prime factors of y.
3, 971
Let v = -665 - -1292. What are the prime factors of v?
3, 11, 19
Let m(p) = 6*p - 18. Let y be m(3). List the prime factors of (-310)/(-2 - 3) + y/(-1).
2, 31
Let v be -4*(-2 + -1)/(-12). Let g(f) = -111*f - 5. What are the prime factors of g(v)?
2, 53
Suppose 3*m + 2*p + 928 = 0, 2*m - p = p - 602. Let k = -174 - m. List the prime factors of k.
2, 3, 11
Suppose 8 = 5*s + b, -s - 3 - 1 = 3*b. Suppose -s*i = 6 - 22. Suppose 6*